se 0 = -2*s - i*r + 1, -2*r = -3*s - 0*r + 11. List the prime factors of s.
3
Let v(z) = -z**3 + z**2 - 2*z + 1. Let x be v(1). Let l(m) be the first derivative of -4*m**2 + m - 1. What are the prime factors of l(x)?
3
Suppose 2*c - 180 = -66. What are the prime factors of c?
3, 19
Let o(h) = h**2 + 12*h - 7. Let s be o(-13). List the prime factors of (-4)/s - 426/(-18).
23
Let z(g) = -3*g - 2. Let k(c) = c**2 - 6*c + 4. Suppose -4*a = 3*l - 4, -10 = -2*l - l - a. Let x be k(l). List the prime factors of z(x).
2, 5
Let h = -35 - -125. What are the prime factors of h?
2, 3, 5
Let k(z) = 612*z. Let j(h) = -13*h. Let c(v) = 187*j(v) + 4*k(v). What are the prime factors of c(2)?
2, 17
Let g = 53 - 22. Suppose 0 = 3*j + 4*l + 38, 0 = -3*j + l - 11 - 47. Let z = j + g. List the prime factors of z.
13
Let z(m) = m**3 - 6*m**2 + 3*m + 1. List the prime factors of z(7).
71
Let b be 6/(-15) + 27/5. Let j(m) = m + 1. Let o(q) = 6*q + 4. Let x(s) = b*j(s) - o(s). List the prime factors of x(-4).
5
What are the prime factors of (3 + 0)/((-3)/(-5))?
5
What are the prime factors of ((-8946)/(-105))/((8/(-10))/(-4))?
2, 3, 71
Suppose -5*l - 3*a = -0*a - 15, 4*a - 20 = 0. Let d(b) = -b**3 + 21*b**2 - 19*b - 18. Let n be d(20). Suppose l*v + 24 = n*v. List the prime factors of v.
2, 3
Let q = 444 + -315. Let a = -84 + q. What are the prime factors of a?
3, 5
Suppose -u + 8*u - 2527 = 0. List the prime factors of u.
19
Suppose -3*g - g + 3*a - 50 = 0, -5*g - 3*a - 76 = 0. Let r be (g*1 - -2)*-2. Suppose -4*k + k = -r. List the prime factors of k.
2
Let y = 0 + -1. Let o(a) = -8*a**2 - a. Let k be o(y). Let w = k - -17. What are the prime factors of w?
2, 5
Suppose -5*d = -4*i - 2*d + 443, 0 = 4*i + d - 439. Suppose -i = -4*x - 2. List the prime factors of x.
3
Let b(k) = k**2 - k. Let w be b(-3). Let i be 2/(-1) + (-18)/(1 + 5). Let c = i + w. List the prime factors of c.
7
Let k = 10 + -8. Suppose 0 = 5*y - 25, 0 = -w + k*w + y - 22. What are the prime factors of w?
17
Let x(c) = -2*c**2 - 11*c + 11. Let y(t) = -t**2 - 6*t + 5. Let n(z) = -2*x(z) + 5*y(z). What are the prime factors of n(-8)?
3
Let k(u) = -37*u + 10. List the prime factors of k(-4).
2, 79
Suppose -f - 3*f + 44 = 0. Let b(y) = f - 7*y**2 + 0 + 8*y - 4*y**3 + 3*y**3. List the prime factors of b(-8).
11
Suppose 6 = 2*z - 0*z. Let l(w) = -w**2 + 8*w - 3. List the prime factors of l(z).
2, 3
Let w be -2*(2 - (2 + -1)). Let g(c) be the first derivative of c**3 - c**2/2 + c + 35. List the prime factors of g(w).
3, 5
Suppose -q - 5*w + 255 = -6*q, -4*q - 195 = 5*w. Let s be q/(-4)*(-4)/(-5). Let c = s + -5. List the prime factors of c.
5
Let l be (-4 - 3/(-1))/1. Let r be 1*8*(l - 0). List the prime factors of r/(-28) + (-57)/(-21).
3
Let w be (-72)/(-20) - 3/5. Let f = -2 - -1. Let o = w + f. List the prime factors of o.
2
Suppose -2*q - 4*n = -46, 4*q - 2*n - 6 = 36. List the prime factors of q.
13
Let h be ((-3)/(-2))/(3/(-4)). Let z be -3*((-186)/9)/h. Let c = -19 - z. What are the prime factors of c?
2, 3
Let d(x) = 5*x - 3. Let w be d(7). Suppose -2*s + w - 6 = 0. List the prime factors of s.
13
What are the prime factors of (-1)/(-6)*-3*-230?
5, 23
What are the prime factors of (-269)/(-7) + (-36)/(-63)?
3, 13
Let u = -6 - -6. Suppose u = -5*o + 3*a + 59, 2*o - 22 = 4*a - 4. What are the prime factors of o?
13
Let u = -7 + -29. What are the prime factors of (297/u)/(3/(-16))?
2, 11
Suppose 8*s - 3*s = 595. What are the prime factors of s?
7, 17
What are the prime factors of (360/(-27))/(1/(-3))?
2, 5
Suppose -5*d + 3*v + 18 = 0, 2*d - d + 4*v - 22 = 0. Let z(x) = -x**3 + 9*x**2 - 8*x + 5. Let m be z(d). Suppose 6*u = u + m. List the prime factors of u.
13
Suppose 0 = 5*g - g - 96. Let i = -5 - -7. Suppose 2*z = -i*z + g. List the prime factors of z.
2, 3
Suppose i = 5*i - 4*z - 168, -z = 2*i - 75. Suppose 0*h + 3*h = i. List the prime factors of h.
13
Let k(z) = -18*z - 2. Let b be ((-6)/9)/(6/9). List the prime factors of k(b).
2
Let i(u) = -u + 7. Let c be i(4). Suppose c*f - d - 192 = -f, -4*f - 2*d = -204. List the prime factors of f.
7
Let p = 64 - 39. Suppose 7*l = 4*l + 6. Suppose 5*v + l*f - 30 = 8, f = 3*v - p. List the prime factors of v.
2
Let k be (-2)/(-10) - (-5)/(-25). Let s be (-1*(k - 1))/(-1). What are the prime factors of 2/(0 + s) + 6?
2
Suppose -4 = 2*q + 4. Let v be (10/q)/(1/(-6)). Suppose 2*y - v = -4*l + 21, -3*l - 4*y = -17. What are the prime factors of l?
11
Suppose -k - k = -18. Let g = k - 6. Suppose p = g*p - 40. List the prime factors of p.
2, 5
Let b(r) = -2*r**3 + 16*r**2 - 6*r - 5. What are the prime factors of b(6)?
103
Let u(t) = -2*t**2 + 23*t + 13. Let c(q) = q**2 - 11*q - 6. Let y(b) = 7*c(b) + 3*u(b). List the prime factors of y(9).
2, 3
Suppose -5*z + 35 = -130. What are the prime factors of z?
3, 11
Suppose -5*r - 2 = 3*f, -7*r - 36 = -4*f - 4*r. List the prime factors of f.
2, 3
Let l = 1 - -5. Let m(h) = -h**2 + 6*h + 4. Let g be m(l). Suppose 0 = -8*b + g*b + 44. List the prime factors of b.
11
Let d = -26 - -118. What are the prime factors of d?
2, 23
List the prime factors of 1125/30 + (-2)/4*1.
37
Suppose 4*c + 84 = 212. What are the prime factors of c?
2
Let p(m) = -6*m**2 + m**2 + m**2 + 3*m**2 - 9*m - 9. Let s be p(-7). Suppose d = -s*y + 26, 4*d - 3*y - 58 = -0*d. List the prime factors of d.
2
Let c(g) = -g + 2*g**3 + 4 - 3*g**3 - 4 + 4*g**2. Let r be c(4). What are the prime factors of (-1)/2 + (-26)/r?
2, 3
Suppose 0 = -5*t - 2*c + 1014, 5*c + 1000 = 3*t + 2*t. What are the prime factors of t?
2, 101
Suppose 12 = 4*x + 2*w, 15 = -2*w + 7. Suppose 4*n - 17 = -x. List the prime factors of n.
3
Suppose o - 3*o + 10 = 0. Suppose -3*j = -10 - o. Let b(d) = -d**2 + 7*d - 2. What are the prime factors of b(j)?
2
Suppose 0 = p - 3*x - 202, -3*p = -0*p - 3*x - 612. What are the prime factors of p?
5, 41
What are the prime factors of -3 - 2*10/(-1)?
17
List the prime factors of -4 - (-15 + -4 + -3).
2, 3
Let p be 1/(-4) + (-246)/(-24). Let d be 1/1 + (-1)/(-1). What are the prime factors of (p + -3)*(3 - d)?
7
Let o(b) = -b**3 - 7*b - 16. List the prime factors of o(-4).
2, 19
Suppose -4*f = j - 6, 5*j + 1 = -3*f - 3. Let d = f + -1. Suppose d = -s, 3*p + 3*s + 0 = 15. List the prime factors of p.
2, 3
Let d(z) = -z - 1. Let y be d(-4). Let g = -3 + y. Suppose 2*i - 5 - 3 = g. List the prime factors of i.
2
Suppose -4*s = -5*f - 116, 0 = -4*s - 1 - 3. List the prime factors of -1 - (f - (-3 - 0)).
2, 5
Suppose 2*n - 322 = 2*l, n = -3*l + 8*l + 153. Suppose 3*h = -k + 89, -5*h + 3*k = k - n. List the prime factors of h.
31
Suppose 3*r - 46 = 62. What are the prime factors of r?
2, 3
Suppose -2*l = 2*j - 158, j + 6*l = 2*l + 88. List the prime factors of j.
2, 19
Suppose 4*b = -20, 0 = -5*v - 6*b + 2*b + 130. Let c = v - 19. What are the prime factors of c?
11
Let k(y) = -8*y**3 - y**2. What are the prime factors of k(-1)?
7
Let p(v) = v**2 + 3*v - 5. Let k be p(-4). Let s = k + 14. Let i = s + -4. List the prime factors of i.
3
Suppose -g = 4*g - 135. What are the prime factors of g?
3
Suppose 0 = -3*r - 5*h + 155, -40 + 260 = 4*r + 4*h. List the prime factors of r.
2, 3, 5
Let o = -28 + 53. What are the prime factors of o?
5
Suppose -2*a + 2*d + 58 = 6*d, 5*a + 5*d = 145. List the prime factors of a.
29
Let v(t) = -4*t - 2*t**2 - 6*t + t**2 + 1. Let p be v(-6). Let x = p + -12. What are the prime factors of x?
13
Let h = -2 + -8. Let q be (-1)/(h/4 - -2). List the prime factors of q/6 - 38/(-3).
13
Suppose -2*o + 0*o + 254 = 4*r, 4*o = 5*r - 337. What are the prime factors of r?
5, 13
Let m(u) = u**2 + 7*u + 9. Let a be m(-6). Suppose 0 = -2*o - a*o + d + 27, -o = 2*d - 1. Suppose s = o*s - 40. List the prime factors of s.
2, 5
Suppose -6*m + 252 = -72. What are the prime factors of m?
2, 3
Suppose 8 = 4*k - 8, -5*n + 2*k + 142 = 0. What are the prime factors of n?
2, 3, 5
Let l = 10 + -1. Let h(w) = w - 7. Let j be h(l). Suppose -6*a + a = -3*m - 14, -j*m = -a. What are the prime factors of m?
2
Suppose 5*t - 3*a + a = 528, 3*a = -12. List the prime factors of t.
2, 13
Suppose -4*x - 428 = -4*b, -4*b + 4*x = -b - 321. List the prime factors of b.
107
Let p(x) = 4*x + 7 - 5*x + 2*x. Let g be p(-5). What are the prime factors of g/6 - (-16)/6?
3
